{"id":2187,"date":"2025-07-18T07:54:20","date_gmt":"2025-07-18T07:54:20","guid":{"rendered":"https:\/\/qrideamenu.com\/kuzinrestaurant\/?post_type=product&#038;p=2187"},"modified":"2026-01-01T08:08:41","modified_gmt":"2026-01-01T08:08:41","slug":"akdeniz-salata","status":"publish","type":"product","link":"https:\/\/qrideamenu.com\/kuzinrestaurant\/urun\/akdeniz-salata\/","title":{"rendered":"Akdeniz Salata"},"content":{"rendered":"<div class=\"product_desc-row\">\n<div class=\"product_desc-desc\">\n<p data-start=\"0\" data-end=\"408\"><strong data-start=\"0\" data-end=\"18\">Akdeniz Salata<\/strong><br data-start=\"18\" data-end=\"21\" \/>Kuzin\u2019in taptaze ve renkli Akdeniz esintisi.<br data-start=\"65\" data-end=\"68\" \/>Domates, salatal\u0131k, k\u0131rm\u0131z\u0131 so\u011fan, ye\u015fil biber, siyah zeytin ve beyaz peynir, zeytinya\u011f\u0131 ve taze limon suyu ile harmanlan\u0131r. Taze fesle\u011fen ve maydanoz ile zenginle\u015ftirilen bu salata, hem hafif hem de vitamin dolu bir lezzet sunar. Kuzin\u2019in do\u011fal malzemeleriyle haz\u0131rlanan Akdeniz Salatas\u0131, sa\u011fl\u0131kl\u0131 ve doyurucu bir se\u00e7enek olarak \u00f6ne \u00e7\u0131kar.<\/p>\n<p data-start=\"410\" data-end=\"561\"><strong data-start=\"410\" data-end=\"432\">Kullan\u0131lan Teknik:<\/strong><br data-start=\"432\" data-end=\"435\" \/>T\u00fcm malzemeler \u00f6zenle do\u011fran\u0131p taze sos ile nazik\u00e7e kar\u0131\u015ft\u0131r\u0131l\u0131r. Servis \u00f6ncesi zeytinya\u011f\u0131 ve limon suyu ile lezzetlendirilir.<\/p>\n<p data-start=\"563\" data-end=\"601\"><strong data-start=\"563\" data-end=\"584\">Porsiyon Gramaj\u0131:<\/strong><br data-start=\"584\" data-end=\"587\" \/>200 g \/ servis<\/p>\n<p data-start=\"603\" data-end=\"740\"><strong data-start=\"606\" data-end=\"637\">100 g \u0130\u00e7in Besin De\u011ferleri:<\/strong><br data-start=\"637\" data-end=\"640\" \/>Enerji (kcal): 85 kcal<br data-start=\"662\" data-end=\"665\" \/>Karbonhidrat: 6.0 g<br data-start=\"684\" data-end=\"687\" \/>Protein: 2.3 g<br data-start=\"701\" data-end=\"704\" \/>Ya\u011f: 6.1 g<br data-start=\"714\" data-end=\"717\" \/>Lif: 2.5 g<br data-start=\"727\" data-end=\"730\" \/>Tuz: 0.8 g<\/p>\n<p data-start=\"742\" data-end=\"858\">&#x26a0;&#xfe0f; <strong data-start=\"745\" data-end=\"765\">Alerjen Bilgisi:<\/strong><br data-start=\"765\" data-end=\"768\" \/>Bu \u00fcr\u00fcn s\u00fct \u00fcr\u00fcn\u00fc i\u00e7erir. Peynir nedeniyle s\u00fct alerjisi olan bireyler i\u00e7in uygun de\u011fildir.<\/p>\n<\/div>\n<div class=\"product_desc-img\"><\/div>\n<\/div>\n","protected":false},"excerpt":{"rendered":"<div class=\"product_desc-row\">\n<div class=\"product_desc-desc\">\n<p data-start=\"0\" data-end=\"408\"><strong data-start=\"0\" data-end=\"18\">Akdeniz Salata<\/strong><br data-start=\"18\" data-end=\"21\" \/>Kuzin\u2019in taptaze ve renkli Akdeniz esintisi.<br data-start=\"65\" data-end=\"68\" \/>Domates, salatal\u0131k, k\u0131rm\u0131z\u0131 so\u011fan, ye\u015fil biber, siyah zeytin ve beyaz peynir, zeytinya\u011f\u0131 ve taze limon suyu ile harmanlan\u0131r. Taze fesle\u011fen ve maydanoz ile zenginle\u015ftirilen bu salata, hem hafif hem de vitamin dolu bir lezzet sunar. Kuzin\u2019in do\u011fal malzemeleriyle haz\u0131rlanan Akdeniz Salatas\u0131, sa\u011fl\u0131kl\u0131 ve doyurucu bir se\u00e7enek olarak \u00f6ne \u00e7\u0131kar.<\/p>\n<p data-start=\"410\" data-end=\"561\"><strong data-start=\"410\" data-end=\"432\">Kullan\u0131lan Teknik:<\/strong><br data-start=\"432\" data-end=\"435\" \/>T\u00fcm malzemeler \u00f6zenle do\u011fran\u0131p taze sos ile nazik\u00e7e kar\u0131\u015ft\u0131r\u0131l\u0131r. Servis \u00f6ncesi zeytinya\u011f\u0131 ve limon suyu ile lezzetlendirilir.<\/p>\n<p data-start=\"563\" data-end=\"601\"><strong data-start=\"563\" data-end=\"584\">Porsiyon Gramaj\u0131:<\/strong><br data-start=\"584\" data-end=\"587\" \/>200 g \/ servis<\/p>\n<p data-start=\"603\" data-end=\"740\"><strong data-start=\"606\" data-end=\"637\">100 g \u0130\u00e7in Besin De\u011ferleri:<\/strong><br data-start=\"637\" data-end=\"640\" \/>Enerji (kcal): 85 kcal<br data-start=\"662\" data-end=\"665\" \/>Karbonhidrat: 6.0 g<br data-start=\"684\" data-end=\"687\" \/>Protein: 2.3 g<br data-start=\"701\" data-end=\"704\" \/>Ya\u011f: 6.1 g<br data-start=\"714\" data-end=\"717\" \/>Lif: 2.5 g<br data-start=\"727\" data-end=\"730\" \/>Tuz: 0.8 g<\/p>\n<p data-start=\"742\" data-end=\"858\">&#x26a0;&#xfe0f; <strong data-start=\"745\" data-end=\"765\">Alerjen Bilgisi:<\/strong><br data-start=\"765\" data-end=\"768\" \/>Bu \u00fcr\u00fcn s\u00fct \u00fcr\u00fcn\u00fc i\u00e7erir. Peynir nedeniyle s\u00fct alerjisi olan bireyler i\u00e7in uygun de\u011fildir.<\/p>\n<\/div>\n<div class=\"product_desc-img\"><\/div>\n<\/div>\n","protected":false},"featured_media":2744,"comment_status":"open","ping_status":"closed","template":"","meta":{"pagelayer_contact_templates":[],"_pagelayer_content":""},"product_brand":[],"product_cat":[49],"product_tag":[39],"class_list":{"0":"post-2187","1":"product","2":"type-product","3":"status-publish","4":"has-post-thumbnail","6":"product_cat-salatalar","7":"product_tag-steakhouse-menu","9":"first","10":"instock","11":"shipping-taxable","12":"purchasable","13":"product-type-simple"},"jetpack_sharing_enabled":true,"_links":{"self":[{"href":"https:\/\/qrideamenu.com\/kuzinrestaurant\/wp-json\/wp\/v2\/product\/2187","targetHints":{"allow":["GET"]}}],"collection":[{"href":"https:\/\/qrideamenu.com\/kuzinrestaurant\/wp-json\/wp\/v2\/product"}],"about":[{"href":"https:\/\/qrideamenu.com\/kuzinrestaurant\/wp-json\/wp\/v2\/types\/product"}],"replies":[{"embeddable":true,"href":"https:\/\/qrideamenu.com\/kuzinrestaurant\/wp-json\/wp\/v2\/comments?post=2187"}],"wp:featuredmedia":[{"embeddable":true,"href":"https:\/\/qrideamenu.com\/kuzinrestaurant\/wp-json\/wp\/v2\/media\/2744"}],"wp:attachment":[{"href":"https:\/\/qrideamenu.com\/kuzinrestaurant\/wp-json\/wp\/v2\/media?parent=2187"}],"wp:term":[{"taxonomy":"product_brand","embeddable":true,"href":"https:\/\/qrideamenu.com\/kuzinrestaurant\/wp-json\/wp\/v2\/product_brand?post=2187"},{"taxonomy":"product_cat","embeddable":true,"href":"https:\/\/qrideamenu.com\/kuzinrestaurant\/wp-json\/wp\/v2\/product_cat?post=2187"},{"taxonomy":"product_tag","embeddable":true,"href":"https:\/\/qrideamenu.com\/kuzinrestaurant\/wp-json\/wp\/v2\/product_tag?post=2187"}],"curies":[{"name":"wp","href":"https:\/\/api.w.org\/{rel}","templated":true}]}}