{"id":2188,"date":"2025-07-17T07:54:20","date_gmt":"2025-07-17T07:54:20","guid":{"rendered":"https:\/\/qrideamenu.com\/kuzinrestaurant\/?post_type=product&#038;p=2188"},"modified":"2025-07-25T10:37:14","modified_gmt":"2025-07-25T10:37:14","slug":"pirinc-pilavi","status":"publish","type":"product","link":"https:\/\/qrideamenu.com\/kuzinrestaurant\/urun\/pirinc-pilavi\/","title":{"rendered":"Pirin\u00e7 Pilav"},"content":{"rendered":"<div class=\"product_desc-row\">\n<div class=\"product_desc-desc\">\n<p data-start=\"0\" data-end=\"381\"><strong data-start=\"0\" data-end=\"17\">Pirin\u00e7 Pilav\u0131<\/strong><br data-start=\"17\" data-end=\"20\" \/>Kuzin\u2019in sadeli\u011fi lezzete d\u00f6n\u00fc\u015ft\u00fcren klasiklerinden.<br data-start=\"72\" data-end=\"75\" \/>Baldo pirin\u00e7, tereya\u011f\u0131 ve zeytinya\u011f\u0131 ile kavrularak tane tane k\u0131vamda pi\u015firilir. Do\u011fal et suyu veya sebze suyuyla tatland\u0131r\u0131lan pilav, yumu\u015fak dokusu ve dengeli aromas\u0131yla ana yemeklerin vazge\u00e7ilmez e\u015flik\u00e7isidir. Geleneksel tekniklerle haz\u0131rlanan bu sade ama rafine lezzet, Kuzin mutfa\u011f\u0131n\u0131n \u00f6z\u00fcn\u00fc yans\u0131t\u0131r.<\/p>\n<p data-start=\"383\" data-end=\"564\"><strong data-start=\"383\" data-end=\"405\">Kullan\u0131lan Teknik:<\/strong><br data-start=\"405\" data-end=\"408\" \/>Pirin\u00e7 tereya\u011f\u0131 ve zeytinya\u011f\u0131nda kavrulur, ard\u0131ndan do\u011fal et\/ sebze suyuyla k\u0131s\u0131k ate\u015fte demlenerek pi\u015firilir. Dinlendirilip tane tane dokuda servis edilir.<\/p>\n<p data-start=\"566\" data-end=\"604\"><strong data-start=\"566\" data-end=\"587\">Porsiyon Gramaj\u0131:<\/strong><br data-start=\"587\" data-end=\"590\" \/>180 g \/ servis<\/p>\n<p data-start=\"606\" data-end=\"745\"><strong data-start=\"609\" data-end=\"640\">100 g \u0130\u00e7in Besin De\u011ferleri:<\/strong><br data-start=\"640\" data-end=\"643\" \/>Enerji (kcal): 148 kcal<br data-start=\"666\" data-end=\"669\" \/>Karbonhidrat: 25.6 g<br data-start=\"689\" data-end=\"692\" \/>Protein: 2.6 g<br data-start=\"706\" data-end=\"709\" \/>Ya\u011f: 4.2 g<br data-start=\"719\" data-end=\"722\" \/>Lif: 0.8 g<br data-start=\"732\" data-end=\"735\" \/>Tuz: 0.4 g<\/p>\n<p data-start=\"747\" data-end=\"897\">\u26a0\ufe0f <strong data-start=\"750\" data-end=\"770\">Alerjen Bilgisi:<\/strong><br data-start=\"770\" data-end=\"773\" \/>Bu \u00fcr\u00fcn s\u00fct \u00fcr\u00fcn\u00fc i\u00e7erir. Tereya\u011f\u0131 kullan\u0131ld\u0131\u011f\u0131 i\u00e7in s\u00fct alerjisi veya laktoz intolerans\u0131 olan bireyler i\u00e7in uygun de\u011fildir.<\/p>\n<\/div>\n<div class=\"product_desc-img\"><\/div>\n<\/div>\n","protected":false},"excerpt":{"rendered":"<div class=\"product_desc-row\">\n<div class=\"product_desc-desc\">\n<p data-start=\"0\" data-end=\"381\"><strong data-start=\"0\" data-end=\"17\">Pirin\u00e7 Pilav\u0131<\/strong><br data-start=\"17\" data-end=\"20\" \/>Kuzin\u2019in sadeli\u011fi lezzete d\u00f6n\u00fc\u015ft\u00fcren klasiklerinden.<br data-start=\"72\" data-end=\"75\" \/>Baldo pirin\u00e7, tereya\u011f\u0131 ve zeytinya\u011f\u0131 ile kavrularak tane tane k\u0131vamda pi\u015firilir. Do\u011fal et suyu veya sebze suyuyla tatland\u0131r\u0131lan pilav, yumu\u015fak dokusu ve dengeli aromas\u0131yla ana yemeklerin vazge\u00e7ilmez e\u015flik\u00e7isidir. Geleneksel tekniklerle haz\u0131rlanan bu sade ama rafine lezzet, Kuzin mutfa\u011f\u0131n\u0131n \u00f6z\u00fcn\u00fc yans\u0131t\u0131r.<\/p>\n<p data-start=\"383\" data-end=\"564\"><strong data-start=\"383\" data-end=\"405\">Kullan\u0131lan Teknik:<\/strong><br data-start=\"405\" data-end=\"408\" \/>Pirin\u00e7 tereya\u011f\u0131 ve zeytinya\u011f\u0131nda kavrulur, ard\u0131ndan do\u011fal et\/ sebze suyuyla k\u0131s\u0131k ate\u015fte demlenerek pi\u015firilir. Dinlendirilip tane tane dokuda servis edilir.<\/p>\n<p data-start=\"566\" data-end=\"604\"><strong data-start=\"566\" data-end=\"587\">Porsiyon Gramaj\u0131:<\/strong><br data-start=\"587\" data-end=\"590\" \/>180 g \/ servis<\/p>\n<p data-start=\"606\" data-end=\"745\"><strong data-start=\"609\" data-end=\"640\">100 g \u0130\u00e7in Besin De\u011ferleri:<\/strong><br data-start=\"640\" data-end=\"643\" \/>Enerji (kcal): 148 kcal<br data-start=\"666\" data-end=\"669\" \/>Karbonhidrat: 25.6 g<br data-start=\"689\" data-end=\"692\" \/>Protein: 2.6 g<br data-start=\"706\" data-end=\"709\" \/>Ya\u011f: 4.2 g<br data-start=\"719\" data-end=\"722\" \/>Lif: 0.8 g<br data-start=\"732\" data-end=\"735\" \/>Tuz: 0.4 g<\/p>\n<p data-start=\"747\" data-end=\"897\">\u26a0\ufe0f <strong data-start=\"750\" data-end=\"770\">Alerjen Bilgisi:<\/strong><br data-start=\"770\" data-end=\"773\" \/>Bu \u00fcr\u00fcn s\u00fct \u00fcr\u00fcn\u00fc i\u00e7erir. Tereya\u011f\u0131 kullan\u0131ld\u0131\u011f\u0131 i\u00e7in s\u00fct alerjisi veya laktoz intolerans\u0131 olan bireyler i\u00e7in uygun de\u011fildir.<\/p>\n<\/div>\n<div class=\"product_desc-img\"><\/div>\n<\/div>\n","protected":false},"featured_media":2732,"comment_status":"open","ping_status":"closed","template":"","meta":{"pagelayer_contact_templates":[],"_pagelayer_content":""},"product_brand":[],"product_cat":[37],"product_tag":[39],"class_list":{"0":"post-2188","1":"product","2":"type-product","3":"status-publish","4":"has-post-thumbnail","6":"product_cat-garniturler","7":"product_tag-steakhouse-menu","9":"first","10":"instock","11":"shipping-taxable","12":"purchasable","13":"product-type-simple"},"jetpack_sharing_enabled":true,"_links":{"self":[{"href":"https:\/\/qrideamenu.com\/kuzinrestaurant\/wp-json\/wp\/v2\/product\/2188","targetHints":{"allow":["GET"]}}],"collection":[{"href":"https:\/\/qrideamenu.com\/kuzinrestaurant\/wp-json\/wp\/v2\/product"}],"about":[{"href":"https:\/\/qrideamenu.com\/kuzinrestaurant\/wp-json\/wp\/v2\/types\/product"}],"replies":[{"embeddable":true,"href":"https:\/\/qrideamenu.com\/kuzinrestaurant\/wp-json\/wp\/v2\/comments?post=2188"}],"wp:featuredmedia":[{"embeddable":true,"href":"https:\/\/qrideamenu.com\/kuzinrestaurant\/wp-json\/wp\/v2\/media\/2732"}],"wp:attachment":[{"href":"https:\/\/qrideamenu.com\/kuzinrestaurant\/wp-json\/wp\/v2\/media?parent=2188"}],"wp:term":[{"taxonomy":"product_brand","embeddable":true,"href":"https:\/\/qrideamenu.com\/kuzinrestaurant\/wp-json\/wp\/v2\/product_brand?post=2188"},{"taxonomy":"product_cat","embeddable":true,"href":"https:\/\/qrideamenu.com\/kuzinrestaurant\/wp-json\/wp\/v2\/product_cat?post=2188"},{"taxonomy":"product_tag","embeddable":true,"href":"https:\/\/qrideamenu.com\/kuzinrestaurant\/wp-json\/wp\/v2\/product_tag?post=2188"}],"curies":[{"name":"wp","href":"https:\/\/api.w.org\/{rel}","templated":true}]}}