{"id":2190,"date":"2025-07-17T07:54:20","date_gmt":"2025-07-17T07:54:20","guid":{"rendered":"https:\/\/qrideamenu.com\/kuzinrestaurant\/?post_type=product&#038;p=2190"},"modified":"2025-07-25T10:36:54","modified_gmt":"2025-07-25T10:36:54","slug":"strip-steak","status":"publish","type":"product","link":"https:\/\/qrideamenu.com\/kuzinrestaurant\/urun\/strip-steak\/","title":{"rendered":"\u0130\u00e7 Pilav"},"content":{"rendered":"<div class=\"product_desc-row\">\n<div class=\"product_desc-desc\">\n<p data-start=\"0\" data-end=\"394\"><strong data-start=\"0\" data-end=\"12\">\u0130\u00e7 Pilav<\/strong><br data-start=\"12\" data-end=\"15\" \/>Kuzin\u2019in geleneksel sofralara zarif bir selam\u0131.<br data-start=\"62\" data-end=\"65\" \/>Baldo pirin\u00e7, dolmal\u0131k f\u0131st\u0131k, ku\u015f \u00fcz\u00fcm\u00fc ve tar\u00e7\u0131n gibi \u00f6zel baharatlarla ta\u015f tencerede kavrularak pi\u015firilir. Tereya\u011f\u0131 ve et suyu ile lezzet derinli\u011fi kazanan i\u00e7 pilav, k\u0131vam\u0131, kokusu ve dokusuyla Osmanl\u0131 mutfa\u011f\u0131ndan ilham alan dengeli bir tamamlay\u0131c\u0131d\u0131r. Ana yemeklerin yan\u0131na oldu\u011fu kadar tek ba\u015f\u0131na da doyurucu bir se\u00e7enektir.<\/p>\n<p data-start=\"396\" data-end=\"583\"><strong data-start=\"396\" data-end=\"418\">Kullan\u0131lan Teknik:<\/strong><br data-start=\"418\" data-end=\"421\" \/>Pirin\u00e7, tereya\u011f\u0131 ve zeytinya\u011f\u0131 ile kavrulur. F\u0131st\u0131k ve baharatlarla harmanland\u0131ktan sonra do\u011fal et suyu ilavesiyle ta\u015f tencerede d\u00fc\u015f\u00fck \u0131s\u0131da demlenerek pi\u015firilir.<\/p>\n<p data-start=\"585\" data-end=\"623\"><strong data-start=\"585\" data-end=\"606\">Porsiyon Gramaj\u0131:<\/strong><br data-start=\"606\" data-end=\"609\" \/>180 g \/ servis<\/p>\n<p data-start=\"625\" data-end=\"764\"><strong data-start=\"628\" data-end=\"659\">100 g \u0130\u00e7in Besin De\u011ferleri:<\/strong><br data-start=\"659\" data-end=\"662\" \/>Enerji (kcal): 164 kcal<br data-start=\"685\" data-end=\"688\" \/>Karbonhidrat: 22.9 g<br data-start=\"708\" data-end=\"711\" \/>Protein: 3.2 g<br data-start=\"725\" data-end=\"728\" \/>Ya\u011f: 6.5 g<br data-start=\"738\" data-end=\"741\" \/>Lif: 1.2 g<br data-start=\"751\" data-end=\"754\" \/>Tuz: 0.8 g<\/p>\n<p data-start=\"766\" data-end=\"911\">\u26a0\ufe0f <strong data-start=\"769\" data-end=\"789\">Alerjen Bilgisi:<\/strong><br data-start=\"789\" data-end=\"792\" \/>Bu \u00fcr\u00fcn dolmal\u0131k f\u0131st\u0131k ve tereya\u011f\u0131 i\u00e7erir. Sert kabuklu yemi\u015f ve s\u00fct \u00fcr\u00fcn\u00fc alerjisi olan bireyler i\u00e7in uygun de\u011fildir.<\/p>\n<\/div>\n<div class=\"product_desc-img\"><\/div>\n<\/div>\n","protected":false},"excerpt":{"rendered":"<div class=\"product_desc-row\">\n<div class=\"product_desc-desc\">\n<p data-start=\"0\" data-end=\"394\"><strong data-start=\"0\" data-end=\"12\">\u0130\u00e7 Pilav<\/strong><br data-start=\"12\" data-end=\"15\" \/>Kuzin\u2019in geleneksel sofralara zarif bir selam\u0131.<br data-start=\"62\" data-end=\"65\" \/>Baldo pirin\u00e7, dolmal\u0131k f\u0131st\u0131k, ku\u015f \u00fcz\u00fcm\u00fc ve tar\u00e7\u0131n gibi \u00f6zel baharatlarla ta\u015f tencerede kavrularak pi\u015firilir. Tereya\u011f\u0131 ve et suyu ile lezzet derinli\u011fi kazanan i\u00e7 pilav, k\u0131vam\u0131, kokusu ve dokusuyla Osmanl\u0131 mutfa\u011f\u0131ndan ilham alan dengeli bir tamamlay\u0131c\u0131d\u0131r. Ana yemeklerin yan\u0131na oldu\u011fu kadar tek ba\u015f\u0131na da doyurucu bir se\u00e7enektir.<\/p>\n<p data-start=\"396\" data-end=\"583\"><strong data-start=\"396\" data-end=\"418\">Kullan\u0131lan Teknik:<\/strong><br data-start=\"418\" data-end=\"421\" \/>Pirin\u00e7, tereya\u011f\u0131 ve zeytinya\u011f\u0131 ile kavrulur. F\u0131st\u0131k ve baharatlarla harmanland\u0131ktan sonra do\u011fal et suyu ilavesiyle ta\u015f tencerede d\u00fc\u015f\u00fck \u0131s\u0131da demlenerek pi\u015firilir.<\/p>\n<p data-start=\"585\" data-end=\"623\"><strong data-start=\"585\" data-end=\"606\">Porsiyon Gramaj\u0131:<\/strong><br data-start=\"606\" data-end=\"609\" \/>180 g \/ servis<\/p>\n<p data-start=\"625\" data-end=\"764\"><strong data-start=\"628\" data-end=\"659\">100 g \u0130\u00e7in Besin De\u011ferleri:<\/strong><br data-start=\"659\" data-end=\"662\" \/>Enerji (kcal): 164 kcal<br data-start=\"685\" data-end=\"688\" \/>Karbonhidrat: 22.9 g<br data-start=\"708\" data-end=\"711\" \/>Protein: 3.2 g<br data-start=\"725\" data-end=\"728\" \/>Ya\u011f: 6.5 g<br data-start=\"738\" data-end=\"741\" \/>Lif: 1.2 g<br data-start=\"751\" data-end=\"754\" \/>Tuz: 0.8 g<\/p>\n<p data-start=\"766\" data-end=\"911\">\u26a0\ufe0f <strong data-start=\"769\" data-end=\"789\">Alerjen Bilgisi:<\/strong><br data-start=\"789\" data-end=\"792\" \/>Bu \u00fcr\u00fcn dolmal\u0131k f\u0131st\u0131k ve tereya\u011f\u0131 i\u00e7erir. Sert kabuklu yemi\u015f ve s\u00fct \u00fcr\u00fcn\u00fc alerjisi olan bireyler i\u00e7in uygun de\u011fildir.<\/p>\n<\/div>\n<div class=\"product_desc-img\"><\/div>\n<\/div>\n","protected":false},"featured_media":2730,"comment_status":"open","ping_status":"closed","template":"","meta":{"pagelayer_contact_templates":[],"_pagelayer_content":""},"product_brand":[],"product_cat":[37],"product_tag":[39],"class_list":{"0":"post-2190","1":"product","2":"type-product","3":"status-publish","4":"has-post-thumbnail","6":"product_cat-garniturler","7":"product_tag-steakhouse-menu","9":"first","10":"instock","11":"shipping-taxable","12":"purchasable","13":"product-type-simple"},"jetpack_sharing_enabled":true,"_links":{"self":[{"href":"https:\/\/qrideamenu.com\/kuzinrestaurant\/wp-json\/wp\/v2\/product\/2190","targetHints":{"allow":["GET"]}}],"collection":[{"href":"https:\/\/qrideamenu.com\/kuzinrestaurant\/wp-json\/wp\/v2\/product"}],"about":[{"href":"https:\/\/qrideamenu.com\/kuzinrestaurant\/wp-json\/wp\/v2\/types\/product"}],"replies":[{"embeddable":true,"href":"https:\/\/qrideamenu.com\/kuzinrestaurant\/wp-json\/wp\/v2\/comments?post=2190"}],"wp:featuredmedia":[{"embeddable":true,"href":"https:\/\/qrideamenu.com\/kuzinrestaurant\/wp-json\/wp\/v2\/media\/2730"}],"wp:attachment":[{"href":"https:\/\/qrideamenu.com\/kuzinrestaurant\/wp-json\/wp\/v2\/media?parent=2190"}],"wp:term":[{"taxonomy":"product_brand","embeddable":true,"href":"https:\/\/qrideamenu.com\/kuzinrestaurant\/wp-json\/wp\/v2\/product_brand?post=2190"},{"taxonomy":"product_cat","embeddable":true,"href":"https:\/\/qrideamenu.com\/kuzinrestaurant\/wp-json\/wp\/v2\/product_cat?post=2190"},{"taxonomy":"product_tag","embeddable":true,"href":"https:\/\/qrideamenu.com\/kuzinrestaurant\/wp-json\/wp\/v2\/product_tag?post=2190"}],"curies":[{"name":"wp","href":"https:\/\/api.w.org\/{rel}","templated":true}]}}