{"id":2467,"date":"2025-07-23T07:52:24","date_gmt":"2025-07-23T07:52:24","guid":{"rendered":"https:\/\/qrideamenu.com\/kuzinrestaurant\/?post_type=product&#038;p=2467"},"modified":"2026-01-01T07:56:44","modified_gmt":"2026-01-01T07:56:44","slug":"guvec","status":"publish","type":"product","link":"https:\/\/qrideamenu.com\/kuzinrestaurant\/urun\/guvec\/","title":{"rendered":"G\u00fcve\u00e7"},"content":{"rendered":"<p data-start=\"0\" data-end=\"341\"><strong data-start=\"0\" data-end=\"9\">G\u00fcve\u00e7<\/strong><br data-start=\"9\" data-end=\"12\" \/>Kuzin mutfa\u011f\u0131n\u0131n ev s\u0131cakl\u0131\u011f\u0131n\u0131 sofran\u0131za ta\u015f\u0131yan geleneksel yeme\u011fi.<br data-start=\"80\" data-end=\"83\" \/>Se\u00e7kin kuzu ve dana eti, mevsim sebzeleri, domates, biber, patl\u0131can ve baharatlarla birlikte toprak g\u00fcve\u00e7 kaplar\u0131nda yava\u015f pi\u015firilir. Ta\u015f f\u0131r\u0131n\u0131n e\u015fsiz ate\u015fiyle uzun s\u00fcre pi\u015fen bu yemek, zengin aromas\u0131 ve yumu\u015fac\u0131k dokusuyla klasik bir Anadolu lezzeti sunar.<\/p>\n<p data-start=\"343\" data-end=\"521\"><strong data-start=\"343\" data-end=\"365\">Kullan\u0131lan Teknik:<\/strong><br data-start=\"365\" data-end=\"368\" \/>Et ve sebzeler \u00f6zenle do\u011fran\u0131p toprak g\u00fcve\u00e7 kaplar\u0131na yerle\u015ftirilir. Ta\u015f f\u0131r\u0131nda uzun saatler yava\u015f pi\u015firilir, b\u00f6ylece lezzetler birbirine iyice kar\u0131\u015f\u0131r.<\/p>\n<p data-start=\"523\" data-end=\"561\"><strong data-start=\"523\" data-end=\"544\">Porsiyon Gramaj\u0131:<\/strong><br data-start=\"544\" data-end=\"547\" \/>350 g \/ servis<\/p>\n<p data-start=\"563\" data-end=\"702\"><strong data-start=\"566\" data-end=\"597\">100 g \u0130\u00e7in Besin De\u011ferleri:<\/strong><br data-start=\"597\" data-end=\"600\" \/>Enerji (kcal): 160 kcal<br data-start=\"623\" data-end=\"626\" \/>Karbonhidrat: 7.0 g<br data-start=\"645\" data-end=\"648\" \/>Protein: 15.0 g<br data-start=\"663\" data-end=\"666\" \/>Ya\u011f: 7.5 g<br data-start=\"676\" data-end=\"679\" \/>Lif: 2.0 g<br data-start=\"689\" data-end=\"692\" \/>Tuz: 0.6 g<\/p>\n<p data-start=\"704\" data-end=\"821\">&#x26a0;&#xfe0f; <strong data-start=\"707\" data-end=\"727\">Alerjen Bilgisi:<\/strong><br data-start=\"727\" data-end=\"730\" \/>Bu \u00fcr\u00fcn alerjen i\u00e7ermez. Ancak s\u00fct \u00fcr\u00fcn\u00fc veya gluten i\u00e7eren \u00fcr\u00fcnlerle temas riski olabilir.<\/p>\n","protected":false},"excerpt":{"rendered":"<p data-start=\"0\" data-end=\"341\"><strong data-start=\"0\" data-end=\"9\">G\u00fcve\u00e7<\/strong><br data-start=\"9\" data-end=\"12\" \/>Kuzin mutfa\u011f\u0131n\u0131n ev s\u0131cakl\u0131\u011f\u0131n\u0131 sofran\u0131za ta\u015f\u0131yan geleneksel yeme\u011fi.<br data-start=\"80\" data-end=\"83\" \/>Se\u00e7kin kuzu ve dana eti, mevsim sebzeleri, domates, biber, patl\u0131can ve baharatlarla birlikte toprak g\u00fcve\u00e7 kaplar\u0131nda yava\u015f pi\u015firilir. Ta\u015f f\u0131r\u0131n\u0131n e\u015fsiz ate\u015fiyle uzun s\u00fcre pi\u015fen bu yemek, zengin aromas\u0131 ve yumu\u015fac\u0131k dokusuyla klasik bir Anadolu lezzeti sunar.<\/p>\n<p data-start=\"343\" data-end=\"521\"><strong data-start=\"343\" data-end=\"365\">Kullan\u0131lan Teknik:<\/strong><br data-start=\"365\" data-end=\"368\" \/>Et ve sebzeler \u00f6zenle do\u011fran\u0131p toprak g\u00fcve\u00e7 kaplar\u0131na yerle\u015ftirilir. Ta\u015f f\u0131r\u0131nda uzun saatler yava\u015f pi\u015firilir, b\u00f6ylece lezzetler birbirine iyice kar\u0131\u015f\u0131r.<\/p>\n<p data-start=\"523\" data-end=\"561\"><strong data-start=\"523\" data-end=\"544\">Porsiyon Gramaj\u0131:<\/strong><br data-start=\"544\" data-end=\"547\" \/>350 g \/ servis<\/p>\n<p data-start=\"563\" data-end=\"702\"><strong data-start=\"566\" data-end=\"597\">100 g \u0130\u00e7in Besin De\u011ferleri:<\/strong><br data-start=\"597\" data-end=\"600\" \/>Enerji (kcal): 160 kcal<br data-start=\"623\" data-end=\"626\" \/>Karbonhidrat: 7.0 g<br data-start=\"645\" data-end=\"648\" \/>Protein: 15.0 g<br data-start=\"663\" data-end=\"666\" \/>Ya\u011f: 7.5 g<br data-start=\"676\" data-end=\"679\" \/>Lif: 2.0 g<br data-start=\"689\" data-end=\"692\" \/>Tuz: 0.6 g<\/p>\n<p data-start=\"704\" data-end=\"821\">&#x26a0;&#xfe0f; <strong data-start=\"707\" data-end=\"727\">Alerjen Bilgisi:<\/strong><br data-start=\"727\" data-end=\"730\" \/>Bu \u00fcr\u00fcn alerjen i\u00e7ermez. Ancak s\u00fct \u00fcr\u00fcn\u00fc veya gluten i\u00e7eren \u00fcr\u00fcnlerle temas riski olabilir.<\/p>\n","protected":false},"featured_media":2760,"comment_status":"open","ping_status":"closed","template":"","meta":{"pagelayer_contact_templates":[],"_pagelayer_content":""},"product_brand":[],"product_cat":[50],"product_tag":[],"class_list":{"0":"post-2467","1":"product","2":"type-product","3":"status-publish","4":"has-post-thumbnail","6":"product_cat-kuzin-geleneksel","8":"first","9":"instock","10":"shipping-taxable","11":"purchasable","12":"product-type-simple"},"jetpack_sharing_enabled":true,"_links":{"self":[{"href":"https:\/\/qrideamenu.com\/kuzinrestaurant\/wp-json\/wp\/v2\/product\/2467","targetHints":{"allow":["GET"]}}],"collection":[{"href":"https:\/\/qrideamenu.com\/kuzinrestaurant\/wp-json\/wp\/v2\/product"}],"about":[{"href":"https:\/\/qrideamenu.com\/kuzinrestaurant\/wp-json\/wp\/v2\/types\/product"}],"replies":[{"embeddable":true,"href":"https:\/\/qrideamenu.com\/kuzinrestaurant\/wp-json\/wp\/v2\/comments?post=2467"}],"wp:featuredmedia":[{"embeddable":true,"href":"https:\/\/qrideamenu.com\/kuzinrestaurant\/wp-json\/wp\/v2\/media\/2760"}],"wp:attachment":[{"href":"https:\/\/qrideamenu.com\/kuzinrestaurant\/wp-json\/wp\/v2\/media?parent=2467"}],"wp:term":[{"taxonomy":"product_brand","embeddable":true,"href":"https:\/\/qrideamenu.com\/kuzinrestaurant\/wp-json\/wp\/v2\/product_brand?post=2467"},{"taxonomy":"product_cat","embeddable":true,"href":"https:\/\/qrideamenu.com\/kuzinrestaurant\/wp-json\/wp\/v2\/product_cat?post=2467"},{"taxonomy":"product_tag","embeddable":true,"href":"https:\/\/qrideamenu.com\/kuzinrestaurant\/wp-json\/wp\/v2\/product_tag?post=2467"}],"curies":[{"name":"wp","href":"https:\/\/api.w.org\/{rel}","templated":true}]}}