{"id":2632,"date":"2025-07-22T13:04:39","date_gmt":"2025-07-22T13:04:39","guid":{"rendered":"https:\/\/qrideamenu.com\/kuzinrestaurant\/?post_type=product&#038;p=2632"},"modified":"2026-01-01T08:02:17","modified_gmt":"2026-01-01T08:02:17","slug":"keskekli-kuzu-incik","status":"publish","type":"product","link":"https:\/\/qrideamenu.com\/kuzinrestaurant\/urun\/keskekli-kuzu-incik\/","title":{"rendered":"Ke\u015fkekli Kuzu \u0130ncik"},"content":{"rendered":"<p data-start=\"0\" data-end=\"370\"><strong data-start=\"0\" data-end=\"23\">Ke\u015fkekli Kuzu \u0130ncik<\/strong><br data-start=\"23\" data-end=\"26\" \/>Kuzin\u2019in Anadolu\u2019nun en \u00f6zel geleneksel lezzetlerinden biri olan ke\u015fkek ve kuzu incik bulu\u015fmas\u0131. Yumu\u015fac\u0131k kuzu incik, uzun saatler a\u011f\u0131r ate\u015fte pi\u015firilir. Yan\u0131nda ise bu\u011fday ke\u015fkek, tereya\u011f\u0131 ve so\u011fan kavurmas\u0131 ile servis edilir. Hem doyurucu hem de geleneksel tatlar\u0131 bir araya getiren bu \u00f6zel yemek, Kuzin mutfa\u011f\u0131n\u0131n vazge\u00e7ilmezlerinden.<\/p>\n<p data-start=\"372\" data-end=\"562\"><strong data-start=\"372\" data-end=\"394\">Kullan\u0131lan Teknik:<\/strong><br data-start=\"394\" data-end=\"397\" \/>Kuzu incik d\u00fc\u015f\u00fck \u0131s\u0131da uzun s\u00fcre ha\u015flanarak yumu\u015fat\u0131l\u0131r. Ke\u015fkek, bu\u011fday ve nohutun \u00f6zel y\u00f6ntemle ha\u015flan\u0131p kavrulmas\u0131yla haz\u0131rlan\u0131r. \u0130ncik ve ke\u015fkek birlikte sunulur.<\/p>\n<p data-start=\"564\" data-end=\"620\"><strong data-start=\"564\" data-end=\"585\">Porsiyon Gramaj\u0131:<\/strong><br data-start=\"585\" data-end=\"588\" \/>300 gr \/ servis (incik + ke\u015fkek)<\/p>\n<p data-start=\"622\" data-end=\"762\"><strong data-start=\"622\" data-end=\"656\"> 100 g \u0130\u00e7in Besin De\u011ferleri:<\/strong><br data-start=\"656\" data-end=\"659\" \/>Enerji (kcal): 210 kcal<br data-start=\"682\" data-end=\"685\" \/>Karbonhidrat: 25.0 g<br data-start=\"705\" data-end=\"708\" \/>Protein: 18.0 g<br data-start=\"723\" data-end=\"726\" \/>Ya\u011f: 6.5 g<br data-start=\"736\" data-end=\"739\" \/>Lif: 3.0 g<br data-start=\"749\" data-end=\"752\" \/>Tuz: 0.6 g<\/p>\n<p data-start=\"764\" data-end=\"883\" data-is-last-node=\"\" data-is-only-node=\"\"><strong data-start=\"764\" data-end=\"787\">&#x26a0;&#xfe0f; Alerjen Bilgisi:<\/strong><br data-start=\"787\" data-end=\"790\" \/>\u00dcr\u00fcn gluten i\u00e7erir. Ke\u015fkekte bu\u011fday bulunur. Gluten hassasiyeti olan bireyler i\u00e7in \u00f6nerilmez.<\/p>\n","protected":false},"excerpt":{"rendered":"<p data-start=\"0\" data-end=\"370\"><strong data-start=\"0\" data-end=\"23\">Ke\u015fkekli Kuzu \u0130ncik<\/strong><br data-start=\"23\" data-end=\"26\" \/>Kuzin\u2019in Anadolu\u2019nun en \u00f6zel geleneksel lezzetlerinden biri olan ke\u015fkek ve kuzu incik bulu\u015fmas\u0131. Yumu\u015fac\u0131k kuzu incik, uzun saatler a\u011f\u0131r ate\u015fte pi\u015firilir. Yan\u0131nda ise bu\u011fday ke\u015fkek, tereya\u011f\u0131 ve so\u011fan kavurmas\u0131 ile servis edilir. Hem doyurucu hem de geleneksel tatlar\u0131 bir araya getiren bu \u00f6zel yemek, Kuzin mutfa\u011f\u0131n\u0131n vazge\u00e7ilmezlerinden.<\/p>\n<p data-start=\"372\" data-end=\"562\"><strong data-start=\"372\" data-end=\"394\">Kullan\u0131lan Teknik:<\/strong><br data-start=\"394\" data-end=\"397\" \/>Kuzu incik d\u00fc\u015f\u00fck \u0131s\u0131da uzun s\u00fcre ha\u015flanarak yumu\u015fat\u0131l\u0131r. Ke\u015fkek, bu\u011fday ve nohutun \u00f6zel y\u00f6ntemle ha\u015flan\u0131p kavrulmas\u0131yla haz\u0131rlan\u0131r. \u0130ncik ve ke\u015fkek birlikte sunulur.<\/p>\n<p data-start=\"564\" data-end=\"620\"><strong data-start=\"564\" data-end=\"585\">Porsiyon Gramaj\u0131:<\/strong><br data-start=\"585\" data-end=\"588\" \/>300 gr \/ servis (incik + ke\u015fkek)<\/p>\n<p data-start=\"622\" data-end=\"762\"><strong data-start=\"622\" data-end=\"656\"> 100 g \u0130\u00e7in Besin De\u011ferleri:<\/strong><br data-start=\"656\" data-end=\"659\" \/>Enerji (kcal): 210 kcal<br data-start=\"682\" data-end=\"685\" \/>Karbonhidrat: 25.0 g<br data-start=\"705\" data-end=\"708\" \/>Protein: 18.0 g<br data-start=\"723\" data-end=\"726\" \/>Ya\u011f: 6.5 g<br data-start=\"736\" data-end=\"739\" \/>Lif: 3.0 g<br data-start=\"749\" data-end=\"752\" \/>Tuz: 0.6 g<\/p>\n<p data-start=\"764\" data-end=\"883\" data-is-last-node=\"\" data-is-only-node=\"\"><strong data-start=\"764\" data-end=\"787\">&#x26a0;&#xfe0f; Alerjen Bilgisi:<\/strong><br data-start=\"787\" data-end=\"790\" \/>\u00dcr\u00fcn gluten i\u00e7erir. Ke\u015fkekte bu\u011fday bulunur. Gluten hassasiyeti olan bireyler i\u00e7in \u00f6nerilmez.<\/p>\n","protected":false},"featured_media":2816,"comment_status":"open","ping_status":"closed","template":"","meta":{"pagelayer_contact_templates":[],"_pagelayer_content":""},"product_brand":[],"product_cat":[55],"product_tag":[],"class_list":{"0":"post-2632","1":"product","2":"type-product","3":"status-publish","4":"has-post-thumbnail","6":"product_cat-etler","8":"first","9":"instock","10":"shipping-taxable","11":"purchasable","12":"product-type-simple"},"jetpack_sharing_enabled":true,"_links":{"self":[{"href":"https:\/\/qrideamenu.com\/kuzinrestaurant\/wp-json\/wp\/v2\/product\/2632","targetHints":{"allow":["GET"]}}],"collection":[{"href":"https:\/\/qrideamenu.com\/kuzinrestaurant\/wp-json\/wp\/v2\/product"}],"about":[{"href":"https:\/\/qrideamenu.com\/kuzinrestaurant\/wp-json\/wp\/v2\/types\/product"}],"replies":[{"embeddable":true,"href":"https:\/\/qrideamenu.com\/kuzinrestaurant\/wp-json\/wp\/v2\/comments?post=2632"}],"wp:featuredmedia":[{"embeddable":true,"href":"https:\/\/qrideamenu.com\/kuzinrestaurant\/wp-json\/wp\/v2\/media\/2816"}],"wp:attachment":[{"href":"https:\/\/qrideamenu.com\/kuzinrestaurant\/wp-json\/wp\/v2\/media?parent=2632"}],"wp:term":[{"taxonomy":"product_brand","embeddable":true,"href":"https:\/\/qrideamenu.com\/kuzinrestaurant\/wp-json\/wp\/v2\/product_brand?post=2632"},{"taxonomy":"product_cat","embeddable":true,"href":"https:\/\/qrideamenu.com\/kuzinrestaurant\/wp-json\/wp\/v2\/product_cat?post=2632"},{"taxonomy":"product_tag","embeddable":true,"href":"https:\/\/qrideamenu.com\/kuzinrestaurant\/wp-json\/wp\/v2\/product_tag?post=2632"}],"curies":[{"name":"wp","href":"https:\/\/api.w.org\/{rel}","templated":true}]}}