{"id":2644,"date":"2025-07-22T13:10:13","date_gmt":"2025-07-22T13:10:13","guid":{"rendered":"https:\/\/qrideamenu.com\/kuzinrestaurant\/?post_type=product&#038;p=2644"},"modified":"2026-01-01T07:59:17","modified_gmt":"2026-01-01T07:59:17","slug":"pilic-kavurma","status":"publish","type":"product","link":"https:\/\/qrideamenu.com\/kuzinrestaurant\/urun\/pilic-kavurma\/","title":{"rendered":"Pili\u00e7 Kavurma"},"content":{"rendered":"<p data-start=\"90\" data-end=\"454\"><strong data-start=\"90\" data-end=\"107\">Pili\u00e7 Kavurma<\/strong><br data-start=\"107\" data-end=\"110\" \/>Kuzin mutfa\u011f\u0131ndan geleneksel lezzetin modern yorumu. Se\u00e7kin pili\u00e7 etleri, \u00f6zel baharat kar\u0131\u015f\u0131m\u0131 ve taze so\u011fanla birlikte k\u0131s\u0131k ate\u015fte yava\u015f\u00e7a kavrulur. \u00d6zel marine s\u00fcreciyle etin yumu\u015fakl\u0131\u011f\u0131 ve aromas\u0131 korunur, Kuzin\u2019in kendine \u00f6zg\u00fc baharatlar\u0131yla zenginle\u015ftirilir. Yan\u0131nda pilav veya sebzelerle servis edilerek tam bir lezzet deneyimi sunar.<\/p>\n<p data-start=\"456\" data-end=\"614\"><strong data-start=\"456\" data-end=\"478\">Kullan\u0131lan Teknik:<\/strong><br data-start=\"478\" data-end=\"481\" \/>Pili\u00e7 etleri, d\u00fc\u015f\u00fck \u0131s\u0131da yava\u015f kavurma y\u00f6ntemiyle pi\u015firilir; b\u00f6ylece et hem yumu\u015fak kal\u0131r hem de baharatlar ete derinlemesine i\u015fler.<\/p>\n<p data-start=\"616\" data-end=\"657\"><strong data-start=\"616\" data-end=\"637\">Porsiyon Gramaj\u0131:<\/strong><br data-start=\"637\" data-end=\"640\" \/>200 gr \/ porsiyon<\/p>\n<p data-start=\"659\" data-end=\"792\"><strong data-start=\"662\" data-end=\"693\">100 g \u0130\u00e7in Besin De\u011ferleri:<\/strong><br data-start=\"693\" data-end=\"696\" \/>Enerji (kcal): 190 kcal<br data-start=\"719\" data-end=\"722\" \/>Karbonhidrat: 2 g<br data-start=\"739\" data-end=\"742\" \/>Protein: 27 g<br data-start=\"755\" data-end=\"758\" \/>Ya\u011f: 8 g<br data-start=\"766\" data-end=\"769\" \/>Lif: 0 g<br data-start=\"777\" data-end=\"780\" \/>Tuz: 1.1 g<\/p>\n<p data-start=\"794\" data-end=\"910\">&#x26a0;&#xfe0f; <strong data-start=\"797\" data-end=\"817\">Alerjen Bilgisi:<\/strong><br data-start=\"817\" data-end=\"820\" \/>Bu \u00fcr\u00fcn alerjen i\u00e7ermez, ancak haz\u0131rlan\u0131rken kullan\u0131lan yan \u00fcr\u00fcnlerde alerjen bulunabilir.<\/p>\n","protected":false},"excerpt":{"rendered":"<p data-start=\"90\" data-end=\"454\"><strong data-start=\"90\" data-end=\"107\">Pili\u00e7 Kavurma<\/strong><br data-start=\"107\" data-end=\"110\" \/>Kuzin mutfa\u011f\u0131ndan geleneksel lezzetin modern yorumu. Se\u00e7kin pili\u00e7 etleri, \u00f6zel baharat kar\u0131\u015f\u0131m\u0131 ve taze so\u011fanla birlikte k\u0131s\u0131k ate\u015fte yava\u015f\u00e7a kavrulur. \u00d6zel marine s\u00fcreciyle etin yumu\u015fakl\u0131\u011f\u0131 ve aromas\u0131 korunur, Kuzin\u2019in kendine \u00f6zg\u00fc baharatlar\u0131yla zenginle\u015ftirilir. Yan\u0131nda pilav veya sebzelerle servis edilerek tam bir lezzet deneyimi sunar.<\/p>\n<p data-start=\"456\" data-end=\"614\"><strong data-start=\"456\" data-end=\"478\">Kullan\u0131lan Teknik:<\/strong><br data-start=\"478\" data-end=\"481\" \/>Pili\u00e7 etleri, d\u00fc\u015f\u00fck \u0131s\u0131da yava\u015f kavurma y\u00f6ntemiyle pi\u015firilir; b\u00f6ylece et hem yumu\u015fak kal\u0131r hem de baharatlar ete derinlemesine i\u015fler.<\/p>\n<p data-start=\"616\" data-end=\"657\"><strong data-start=\"616\" data-end=\"637\">Porsiyon Gramaj\u0131:<\/strong><br data-start=\"637\" data-end=\"640\" \/>200 gr \/ porsiyon<\/p>\n<p data-start=\"659\" data-end=\"792\"><strong data-start=\"662\" data-end=\"693\">100 g \u0130\u00e7in Besin De\u011ferleri:<\/strong><br data-start=\"693\" data-end=\"696\" \/>Enerji (kcal): 190 kcal<br data-start=\"719\" data-end=\"722\" \/>Karbonhidrat: 2 g<br data-start=\"739\" data-end=\"742\" \/>Protein: 27 g<br data-start=\"755\" data-end=\"758\" \/>Ya\u011f: 8 g<br data-start=\"766\" data-end=\"769\" \/>Lif: 0 g<br data-start=\"777\" data-end=\"780\" \/>Tuz: 1.1 g<\/p>\n<p data-start=\"794\" data-end=\"910\">&#x26a0;&#xfe0f; <strong data-start=\"797\" data-end=\"817\">Alerjen Bilgisi:<\/strong><br data-start=\"817\" data-end=\"820\" \/>Bu \u00fcr\u00fcn alerjen i\u00e7ermez, ancak haz\u0131rlan\u0131rken kullan\u0131lan yan \u00fcr\u00fcnlerde alerjen bulunabilir.<\/p>\n","protected":false},"featured_media":2814,"comment_status":"open","ping_status":"closed","template":"","meta":{"pagelayer_contact_templates":[],"_pagelayer_content":""},"product_brand":[],"product_cat":[55],"product_tag":[],"class_list":{"0":"post-2644","1":"product","2":"type-product","3":"status-publish","4":"has-post-thumbnail","6":"product_cat-etler","8":"first","9":"instock","10":"shipping-taxable","11":"purchasable","12":"product-type-simple"},"jetpack_sharing_enabled":true,"_links":{"self":[{"href":"https:\/\/qrideamenu.com\/kuzinrestaurant\/wp-json\/wp\/v2\/product\/2644","targetHints":{"allow":["GET"]}}],"collection":[{"href":"https:\/\/qrideamenu.com\/kuzinrestaurant\/wp-json\/wp\/v2\/product"}],"about":[{"href":"https:\/\/qrideamenu.com\/kuzinrestaurant\/wp-json\/wp\/v2\/types\/product"}],"replies":[{"embeddable":true,"href":"https:\/\/qrideamenu.com\/kuzinrestaurant\/wp-json\/wp\/v2\/comments?post=2644"}],"wp:featuredmedia":[{"embeddable":true,"href":"https:\/\/qrideamenu.com\/kuzinrestaurant\/wp-json\/wp\/v2\/media\/2814"}],"wp:attachment":[{"href":"https:\/\/qrideamenu.com\/kuzinrestaurant\/wp-json\/wp\/v2\/media?parent=2644"}],"wp:term":[{"taxonomy":"product_brand","embeddable":true,"href":"https:\/\/qrideamenu.com\/kuzinrestaurant\/wp-json\/wp\/v2\/product_brand?post=2644"},{"taxonomy":"product_cat","embeddable":true,"href":"https:\/\/qrideamenu.com\/kuzinrestaurant\/wp-json\/wp\/v2\/product_cat?post=2644"},{"taxonomy":"product_tag","embeddable":true,"href":"https:\/\/qrideamenu.com\/kuzinrestaurant\/wp-json\/wp\/v2\/product_tag?post=2644"}],"curies":[{"name":"wp","href":"https:\/\/api.w.org\/{rel}","templated":true}]}}